{"id":522,"date":"2012-04-08T21:50:51","date_gmt":"2012-04-08T21:50:51","guid":{"rendered":"http:\/\/ksfe-ev.de\/cms\/?page_id=522"},"modified":"2012-04-09T08:12:36","modified_gmt":"2012-04-09T08:12:36","slug":"poster","status":"publish","type":"page","link":"https:\/\/ksfe-ev.de\/cms\/archiv\/poster\/","title":{"rendered":"Poster"},"content":{"rendered":"<table>\n<tbody>\n<tr>\n<td>Posterpr\u00e4sentation<\/td>\n<\/tr>\n<tr>\n<td><\/td>\n<\/tr>\n<\/tbody>\n<\/table>\n<table>\n<tbody>\n<tr>\n<td align=\"left\" valign=\"top\">Maximale Abmessungen eines Posters (H\u00f6he x Breite): 2600 x 600 [mm].<\/p>\n<p>Die Poster werden w\u00e4hrend der Konferenz im Flur des Erdgeschosses des &#8222;Erwin Schr\u00f6dinger-Zentrums&#8220; in der N\u00e4he der Konferenzr\u00e4ume und der Mailpoints auf modernen Tr\u00e4gern pr\u00e4sentiert.<\/p>\n<p>Die Autoren erl\u00e4utern und diskutieren die Inhalte am Freitag, dem 4. M\u00e4rz 2005 in der Pause um 11:00 mit Interessenten direkt bei ihren Postern.<\/td>\n<\/tr>\n<\/tbody>\n<\/table>\n<p>&nbsp;<\/p>\n<hr width=\"80%\" \/>\n<p>&nbsp;<\/p>\n<table>\n<colgroup>\n<col width=\"15%\" \/>\n<col width=\"70%\" \/>\n<col width=\"15%\" \/> <\/colgroup>\n<tbody>\n<tr>\n<td><\/td>\n<td align=\"left\" valign=\"top\" bgcolor=\"#e9edf5\"><em>R. Muche, F. Rohlmann,<\/em> Abteilung Biometrie und Medizinische Dokumentation, Universit\u00e4t Ulm<a><\/p>\n<p><img decoding=\"async\" src=\"http:\/\/www2.hu-berlin.de\/ksfe\/KSFE2005\/bilder\/To.gif\" alt=\"\" width=\"7\" border=\"0\" \/>\u00a0SAS mit der Maus?<\/a><\/td>\n<td><\/td>\n<\/tr>\n<\/tbody>\n<\/table>\n<p>&nbsp;<\/p>\n<hr width=\"80%\" \/>\n<p>&nbsp;<\/p>\n<table>\n<colgroup>\n<col width=\"15%\" \/>\n<col width=\"70%\" \/>\n<col width=\"15%\" \/> <\/colgroup>\n<tbody>\n<tr>\n<td><\/td>\n<td align=\"left\" valign=\"top\" bgcolor=\"#e9edf5\"><em>R. Muche, Ch. Ring,<\/em> Abteilung Biometrie und Medizinische Dokumentation, Universit\u00e4t Ulm<br \/>\n<em>Ch. Ziegler,<\/em> Boehringer Ingelheim Pharma GmbH &amp; Co KG, Department of Medical Data Services<a><\/p>\n<p><img decoding=\"async\" src=\"http:\/\/www2.hu-berlin.de\/ksfe\/KSFE2005\/bilder\/To.gif\" alt=\"\" width=\"7\" border=\"0\" \/>\u00a0Ein SAS-Makro Paket f\u00fcr die Entwicklung und Validierung von Prognosemodellen auf Basis der logistischen Regression<\/a><\/td>\n<td><\/td>\n<\/tr>\n<\/tbody>\n<\/table>\n<p>&nbsp;<\/p>\n<hr width=\"80%\" \/>\n<p>&nbsp;<\/p>\n<table>\n<colgroup>\n<col width=\"15%\" \/>\n<col width=\"70%\" \/>\n<col width=\"15%\" \/> <\/colgroup>\n<tbody>\n<tr>\n<td><\/td>\n<td align=\"left\" valign=\"top\" bgcolor=\"#e9edf5\"><em>E. Moll,<\/em> Biologische Bundesanstalt f\u00fcr Land- und Forstwirtschaft, 14532 Kleinmachnow<a><\/p>\n<p><img decoding=\"async\" src=\"http:\/\/www2.hu-berlin.de\/ksfe\/KSFE2005\/bilder\/To.gif\" alt=\"\" width=\"7\" border=\"0\" \/>\u00a0Reihe &#8222;Einf\u00fchrung in die Biometrie&#8220;<\/a><\/td>\n<td><\/td>\n<\/tr>\n<\/tbody>\n<\/table>\n<p>&nbsp;<\/p>\n<hr width=\"80%\" \/>\n<p>&nbsp;<\/p>\n<table>\n<colgroup>\n<col width=\"15%\" \/>\n<col width=\"70%\" \/>\n<col width=\"15%\" \/> <\/colgroup>\n<tbody>\n<tr>\n<td><\/td>\n<td align=\"left\" valign=\"top\" bgcolor=\"#e9edf5\"><em>Wolfgang K\u00f6ssler,<\/em> Humboldt-Universit\u00e4t zu Berlin, Institut f\u00fcr Informatik<br \/>\n<em>Narinder Kumar,<\/em> Panjab University Chandigarh, Indien<a><\/p>\n<p><img decoding=\"async\" src=\"http:\/\/www2.hu-berlin.de\/ksfe\/KSFE2005\/bilder\/To.gif\" alt=\"\" width=\"7\" border=\"0\" \/>\u00a0Ein auf U-Statistiken basierender adaptiverTest f\u00fcr das Zwei-Stichproben Lokationsproblem<\/a><\/td>\n<td><\/td>\n<\/tr>\n<\/tbody>\n<\/table>\n<p>&nbsp;<\/p>\n<hr width=\"80%\" \/>\n<p>&nbsp;<\/p>\n<table>\n<colgroup>\n<col width=\"15%\" \/>\n<col width=\"70%\" \/>\n<col width=\"15%\" \/> <\/colgroup>\n<tbody>\n<tr>\n<td><\/td>\n<td align=\"left\" valign=\"top\" bgcolor=\"#e9edf5\"><em>I. Futter,<\/em> Weiss-IT Freiburg<br \/>\n<em>Ch. M\u00fcller,<\/em> Universit\u00e4ts-Klinikum Freiburg<br \/>\n<em>U. Weiss,<\/em> Weiss-IT Freiburg<a><\/p>\n<p><img decoding=\"async\" src=\"http:\/\/www2.hu-berlin.de\/ksfe\/KSFE2005\/bilder\/To.gif\" alt=\"\" width=\"7\" border=\"0\" \/>\u00a0Low-budget Intranetreporting und strategisches DRG-Controlling in der P\u00e4diatrie des Universit\u00e4tsklinikums Freiburg<\/a><\/td>\n<td><\/td>\n<\/tr>\n<\/tbody>\n<\/table>\n","protected":false},"excerpt":{"rendered":"<p>Posterpr\u00e4sentation Maximale Abmessungen eines Posters (H\u00f6he x Breite): 2600 x 600 [mm]. Die Poster werden w\u00e4hrend der Konferenz im Flur des Erdgeschosses des &#8222;Erwin Schr\u00f6dinger-Zentrums&#8220; in der N\u00e4he der Konferenzr\u00e4ume und der Mailpoints auf modernen Tr\u00e4gern pr\u00e4sentiert. Die Autoren erl\u00e4utern &hellip; <a href=\"https:\/\/ksfe-ev.de\/cms\/archiv\/poster\/\">Weiterlesen <span class=\"meta-nav\">&rarr;<\/span><\/a><\/p>\n","protected":false},"author":1,"featured_media":0,"parent":38,"menu_order":7,"comment_status":"closed","ping_status":"closed","template":"sidebar-page.php","meta":[],"_links":{"self":[{"href":"https:\/\/ksfe-ev.de\/cms\/wp-json\/wp\/v2\/pages\/522"}],"collection":[{"href":"https:\/\/ksfe-ev.de\/cms\/wp-json\/wp\/v2\/pages"}],"about":[{"href":"https:\/\/ksfe-ev.de\/cms\/wp-json\/wp\/v2\/types\/page"}],"author":[{"embeddable":true,"href":"https:\/\/ksfe-ev.de\/cms\/wp-json\/wp\/v2\/users\/1"}],"replies":[{"embeddable":true,"href":"https:\/\/ksfe-ev.de\/cms\/wp-json\/wp\/v2\/comments?post=522"}],"version-history":[{"count":2,"href":"https:\/\/ksfe-ev.de\/cms\/wp-json\/wp\/v2\/pages\/522\/revisions"}],"predecessor-version":[{"id":578,"href":"https:\/\/ksfe-ev.de\/cms\/wp-json\/wp\/v2\/pages\/522\/revisions\/578"}],"up":[{"embeddable":true,"href":"https:\/\/ksfe-ev.de\/cms\/wp-json\/wp\/v2\/pages\/38"}],"wp:attachment":[{"href":"https:\/\/ksfe-ev.de\/cms\/wp-json\/wp\/v2\/media?parent=522"}],"curies":[{"name":"wp","href":"https:\/\/api.w.org\/{rel}","templated":true}]}}